{"id":50,"date":"2023-12-21T16:32:17","date_gmt":"2023-12-21T16:32:17","guid":{"rendered":"https:\/\/www.amuateoka.org\/rapa\/?page_id=50"},"modified":"2024-02-23T15:58:24","modified_gmt":"2024-02-23T15:58:24","slug":"control-de-erosion","status":"publish","type":"page","link":"https:\/\/www.amuateoka.org\/rapa\/control-de-erosion\/","title":{"rendered":"TE \ua78cO\ua78cONE"},"content":{"rendered":"\n<div class=\"wp-block-uagb-container uagb-block-ghkexdek alignfull uagb-is-root-container\"><div class=\"uagb-container-inner-blocks-wrap\">\n<div class=\"wp-block-uagb-container uagb-block-lxu0k9tn\">\n<div class=\"wp-block-uagb-info-box uagb-block-c0mdlamq uagb-infobox__content-wrap  uagb-infobox-icon-above-title uagb-infobox-image-valign-top\"><div class=\"uagb-ifb-content\"><div class=\"uagb-ifb-title-wrap\"><h1 class=\"uagb-ifb-title\">He h\u0101pa\ua78co i te \ua78co\ua78cone o paka-paka o oho ro he rave\ua78ca mo haka rehe \ua78citi i te \ua78cati o te cambio climatico \ua78ci Rapa Nui<\/h1><\/div><\/div><\/div>\n<\/div>\n\n\n\n<div class=\"wp-block-uagb-container uagb-block-wjqscad2\">\n<div class=\"wp-block-uagb-info-box uagb-block-s5fof8eo uagb-infobox__content-wrap  uagb-infobox-icon-above-title uagb-infobox-image-valign-top\"><div class=\"uagb-ifb-content\"><div class=\"uagb-ifb-title-wrap\"><\/div><p class=\"uagb-ifb-desc\">\ua78cAti ri\ua78ca-ri\ua78ca te \ua78cati e hetu ena ki Rapa Nui i te me\ua78ce nei he cambio clim\u00e1tico. E tahi o r\u0101 \u014b\u0101 \ua78cati he paka-paka \ua78ce he rake-rake he oho <strong>I<\/strong> te \ua78co\ua78cone, \ua78ce pe te ata rake-rake n\u014d ka oho ena \ua78ci te me era te \ua78co\ua78cone o Rapa Nui e ko roa he rake-rake .\ua78ce te \ua78cati nei e hetu tako\ua78ca r\u014d \ua78c\u0101\u00a0 ki te t\u0101ou tao\ua78ca tupuna \ua78ce ki te natura e ai ena \ua78ci ru\u014ba i te motu n\u014d nei.<\/p><\/div><\/div>\n\n\n\n<hr class=\"wp-block-separator has-alpha-channel-opacity\"\/>\n<\/div>\n<\/div><\/div>\n\n\n\n<div class=\"wp-block-uagb-container uagb-block-2d1d3b62 alignfull uagb-is-root-container\"><div class=\"uagb-container-inner-blocks-wrap\">\n<p class=\"has-text-align-center has-ast-global-color-0-color has-text-color has-link-color wp-elements-d0ea1c3e7752c0b93d66bc5c918bb1c9\" style=\"margin-top:0;margin-right:0;margin-bottom:0;margin-left:0;padding-top:0;padding-right:0;padding-bottom:0;padding-left:0;font-size:12px\">Comparte<\/p>\n\n\n\n<div class=\"wp-block-uagb-social-share uagb-social-share__outer-wrap uagb-social-share__layout-horizontal uagb-block-a35ef970\">\n<div class=\"wp-block-uagb-social-share-child uagb-ss-repeater uagb-ss__wrapper uagb-block-62086882\"><span class=\"uagb-ss__link\" data-href=\"https:\/\/api.whatsapp.com\/send?text=\" tabindex=\"0\" role=\"button\" aria-label=\"whatsapp\"><span class=\"uagb-ss__source-wrap\"><span class=\"uagb-ss__source-icon\"><svg xmlns=\"https:\/\/www.w3.org\/2000\/svg\" viewBox=\"0 0 448 512\"><path d=\"M380.9 97.1C339 55.1 283.2 32 223.9 32c-122.4 0-222 99.6-222 222 0 39.1 10.2 77.3 29.6 111L0 480l117.7-30.9c32.4 17.7 68.9 27 106.1 27h.1c122.3 0 224.1-99.6 224.1-222 0-59.3-25.2-115-67.1-157zm-157 341.6c-33.2 0-65.7-8.9-94-25.7l-6.7-4-69.8 18.3L72 359.2l-4.4-7c-18.5-29.4-28.2-63.3-28.2-98.2 0-101.7 82.8-184.5 184.6-184.5 49.3 0 95.6 19.2 130.4 54.1 34.8 34.9 56.2 81.2 56.1 130.5 0 101.8-84.9 184.6-186.6 184.6zm101.2-138.2c-5.5-2.8-32.8-16.2-37.9-18-5.1-1.9-8.8-2.8-12.5 2.8-3.7 5.6-14.3 18-17.6 21.8-3.2 3.7-6.5 4.2-12 1.4-32.6-16.3-54-29.1-75.5-66-5.7-9.8 5.7-9.1 16.3-30.3 1.8-3.7 .9-6.9-.5-9.7-1.4-2.8-12.5-30.1-17.1-41.2-4.5-10.8-9.1-9.3-12.5-9.5-3.2-.2-6.9-.2-10.6-.2-3.7 0-9.7 1.4-14.8 6.9-5.1 5.6-19.4 19-19.4 46.3 0 27.3 19.9 53.7 22.6 57.4 2.8 3.7 39.1 59.7 94.8 83.8 35.2 15.2 49 16.5 66.6 13.9 10.7-1.6 32.8-13.4 37.4-26.4 4.6-13 4.6-24.1 3.2-26.4-1.3-2.5-5-3.9-10.5-6.6z\"><\/path><\/svg><\/span><\/span><\/span><\/div>\n\n\n\n<div class=\"wp-block-uagb-social-share-child uagb-ss-repeater uagb-ss__wrapper uagb-block-8de99042\"><span class=\"uagb-ss__link\" data-href=\"https:\/\/www.facebook.com\/sharer.php?u=\" tabindex=\"0\" role=\"button\" aria-label=\"facebook\"><span class=\"uagb-ss__source-wrap\"><span class=\"uagb-ss__source-icon\"><svg xmlns=\"https:\/\/www.w3.org\/2000\/svg\" viewBox=\"0 0 512 512\"><path d=\"M504 256C504 119 393 8 256 8S8 119 8 256c0 123.8 90.69 226.4 209.3 245V327.7h-63V256h63v-54.64c0-62.15 37-96.48 93.67-96.48 27.14 0 55.52 4.84 55.52 4.84v61h-31.28c-30.8 0-40.41 19.12-40.41 38.73V256h68.78l-11 71.69h-57.78V501C413.3 482.4 504 379.8 504 256z\"><\/path><\/svg><\/span><\/span><\/span><\/div>\n\n\n\n<div class=\"wp-block-uagb-social-share-child uagb-ss-repeater uagb-ss__wrapper uagb-block-289edd8c\"><span class=\"uagb-ss__link\" data-href=\"https:\/\/twitter.com\/share?url=\" tabindex=\"0\" role=\"button\" aria-label=\"twitter\"><span class=\"uagb-ss__source-wrap\"><span class=\"uagb-ss__source-icon\"><svg xmlns=\"https:\/\/www.w3.org\/2000\/svg\" viewBox=\"0 0 448 512\"><path d=\"M400 32H48C21.5 32 0 53.5 0 80v352c0 26.5 21.5 48 48 48h352c26.5 0 48-21.5 48-48V80c0-26.5-21.5-48-48-48zm-48.9 158.8c.2 2.8 .2 5.7 .2 8.5 0 86.7-66 186.6-186.6 186.6-37.2 0-71.7-10.8-100.7-29.4 5.3 .6 10.4 .8 15.8 .8 30.7 0 58.9-10.4 81.4-28-28.8-.6-53-19.5-61.3-45.5 10.1 1.5 19.2 1.5 29.6-1.2-30-6.1-52.5-32.5-52.5-64.4v-.8c8.7 4.9 18.9 7.9 29.6 8.3a65.45 65.45 0 0 1 -29.2-54.6c0-12.2 3.2-23.4 8.9-33.1 32.3 39.8 80.8 65.8 135.2 68.6-9.3-44.5 24-80.6 64-80.6 18.9 0 35.9 7.9 47.9 20.7 14.8-2.8 29-8.3 41.6-15.8-4.9 15.2-15.2 28-28.8 36.1 13.2-1.4 26-5.1 37.8-10.2-8.9 13.1-20.1 24.7-32.9 34z\"><\/path><\/svg><\/span><\/span><\/span><\/div>\n\n\n\n<div class=\"wp-block-uagb-social-share-child uagb-ss-repeater uagb-ss__wrapper uagb-block-67e130fa\"><span class=\"uagb-ss__link\" data-href=\"mailto:?body=\" tabindex=\"0\" role=\"button\" aria-label=\"email\"><span class=\"uagb-ss__source-wrap\"><span class=\"uagb-ss__source-icon\"><svg xmlns=\"https:\/\/www.w3.org\/2000\/svg\" viewBox=\"0 0 512 512\"><path d=\"M464 64C490.5 64 512 85.49 512 112C512 127.1 504.9 141.3 492.8 150.4L275.2 313.6C263.8 322.1 248.2 322.1 236.8 313.6L19.2 150.4C7.113 141.3 0 127.1 0 112C0 85.49 21.49 64 48 64H464zM217.6 339.2C240.4 356.3 271.6 356.3 294.4 339.2L512 176V384C512 419.3 483.3 448 448 448H64C28.65 448 0 419.3 0 384V176L217.6 339.2z\"><\/path><\/svg><\/span><\/span><\/span><\/div>\n<\/div>\n\n\n\n<div style=\"height:20px\" aria-hidden=\"true\" class=\"wp-block-spacer\"><\/div>\n<\/div><\/div>\n\n\n\n<div class=\"wp-block-uagb-container uagb-block-49ef47f9 alignfull uagb-is-root-container\"><div class=\"uagb-container-inner-blocks-wrap\">\n<div class=\"wp-block-uagb-container uagb-block-23e93b8c\">\n<div class=\"wp-block-uagb-info-box uagb-block-9e6a3e02 uagb-infobox__content-wrap  uagb-infobox-icon-above-title uagb-infobox-image-valign-top\"><div class=\"uagb-ifb-content\"><div class=\"uagb-ifb-title-wrap\"><h3 class=\"uagb-ifb-title\">Te a\u014ba nui-nui nei he haka rehe te paka-paka o te \ua78co\ua78cone \ua78ci Rapa Nui.<\/h3><\/div><p class=\"uagb-ifb-desc\">He me\ua78ce nui-nui mau \ua78c\u0101 te a\u014ba he haka rehe he oho i te paka-paka o te \ua78co\ua78cone mo ta\ua78ce \ua78cata rake-rake i te \ua78cati nei he cambio clim\u00e1tico. Te 97,5% o te \ua78co\ua78cone e rake-rake e oho ena hai me\ua78ce i a\u014ba e te ta\u014bata, pahe a\u014ba ena he h\u0101pa\ua78co mamoe, pua\ua78ca \ua78ce he hoi, he 2,5 % no o te \ua78co\ua78cone, \ua78co te tokerau, o te ra\ua78c\u0101 e o t\u0113tahi atu me\ua78ce e ai ena \ua78ci te natura, te haka rake-rake. \ua78cE a ru\u014ba ki te 50% o te \ua78co\ua78cone o te t\u0101tou motu nei n\u0101 e rake-rake e oho mai ena pa he \u014b\u0101 kona e hahine ena ki te rano nei \ua78ce ki te \ua78copata.<br><br><strong>Te \ua78cati o te \ua78co\ua78cone paka-paka \ua78ci Rapa Nui.<br><\/strong><br>Kona nui-nui mau \ua78c\u0101 te kona o Rapa Nui ko paka-paka \ua78ce ko rake-rake \ua78ce ko te kona era ko Poike te kona e ata rake-rake mai ena ena; 57% pa\ua78ci o te henua o r\u0101 kona ko paka-paka riva-riva \ua78c\u0101. Hai \u014b\u0101 me\ua78ce era he ahi tutu, he pua\ua78ca, he hoi \ua78ce he cambio clim\u00e1tico e ata haka rake-rake, ena te \ua78co\ua78cone o Rapa Nui. \ua78cE ta\ua78ce n\u014d he \ua78co\ua78cone te me\ua78ce e \ua78cati ena , ko ati tako\ua78ca \ua78cana te kai e \ua78coka ena\u00a0 \ua78ce p\u0113 ira \ua78c\u0101 te t\u0101tou mau tupuna.<\/p><\/div><\/div>\n<\/div>\n\n\n\n<div class=\"wp-block-uagb-container uagb-block-aebf72b1\">\n<div class=\"wp-block-uagb-image aligncenter uagb-block-1f841f4e wp-block-uagb-image--layout-default wp-block-uagb-image--effect-zoomin wp-block-uagb-image--align-center\"><figure class=\"wp-block-uagb-image__figure\"><img decoding=\"async\" srcset=\"https:\/\/www.amuateoka.org\/rapa\/wp-content\/uploads\/2023\/12\/a-ero.webp ,https:\/\/www.amuateoka.org\/rapa\/wp-content\/uploads\/2023\/12\/a-ero.webp 780w, https:\/\/www.amuateoka.org\/rapa\/wp-content\/uploads\/2023\/12\/a-ero.webp 360w\" sizes=\"auto, (max-width: 480px) 150px\" src=\"https:\/\/www.amuateoka.org\/rapa\/wp-content\/uploads\/2023\/12\/a-ero.webp\" alt=\"\" class=\"uag-image-298\" width=\"600\" height=\"800\" title=\"\" loading=\"lazy\"\/><figcaption class=\"uagb-image-caption\"><em>E ai r\u014d \ua78cana te ava e 4 metera o te raro nui o te p\u016b, te \ua78cati nei he haka a\u014bi-a\u014bi mai p\u0113 h\u0113 e kore h\u014droue oho ena te \ua78co\ua78cone o te motu nei.<\/em><\/figcaption><\/figure><\/div>\n<\/div>\n<\/div><\/div>\n\n\n\n<div class=\"wp-block-uagb-container uagb-block-e6d95550 alignfull uagb-is-root-container\"><div class=\"uagb-container-inner-blocks-wrap\">\n<div class=\"wp-block-media-text has-media-on-the-right is-stacked-on-mobile\" style=\"grid-template-columns:auto 70%\"><div class=\"wp-block-media-text__content\">\n<p class=\"has-ast-global-color-0-color has-text-color has-link-color has-medium-font-size wp-elements-ada6fb0edd9f25ef8c20688aaae9022d\" style=\"margin-right:var(--wp--preset--spacing--20);margin-left:var(--wp--preset--spacing--20)\">\u00abO te rava tutu i te m\u0101uku \ua78ce \u00a0o te pua\ua78ca \ua78ce o te hoi e \ua78cai ena \ua78ci Rapa Nui, te haka rake-rake te oho i te \ua78co\ua78cone \ua78ce i te natura o te motu nei.\u00bb<\/p>\n\n\n\n<p class=\"has-small-font-size\"><strong>INFORME DE MISION ONF, LEFEUVRE J-C., TETUANUI W., BUTAUD J-F.<\/strong><\/p>\n<\/div><figure class=\"wp-block-media-text__media\"><img loading=\"lazy\" decoding=\"async\" width=\"1024\" height=\"648\" src=\"https:\/\/www.amuateoka.org\/rapa\/wp-content\/uploads\/2023\/12\/b-ero2-1024x648.webp\" alt=\"\" class=\"wp-image-301 size-full\" srcset=\"https:\/\/www.amuateoka.org\/rapa\/wp-content\/uploads\/2023\/12\/b-ero2-1024x648.webp 1024w, https:\/\/www.amuateoka.org\/rapa\/wp-content\/uploads\/2023\/12\/b-ero2-300x190.webp 300w, https:\/\/www.amuateoka.org\/rapa\/wp-content\/uploads\/2023\/12\/b-ero2-768x486.webp 768w, https:\/\/www.amuateoka.org\/rapa\/wp-content\/uploads\/2023\/12\/b-ero2.webp 1280w\" sizes=\"auto, (max-width: 1024px) 100vw, 1024px\" \/><\/figure><\/div>\n\n\n\n<div style=\"height:41px\" aria-hidden=\"true\" class=\"wp-block-spacer\"><\/div>\n\n\n\n<div class=\"wp-block-media-text is-stacked-on-mobile\" style=\"grid-template-columns:70% auto\"><figure class=\"wp-block-media-text__media\"><img loading=\"lazy\" decoding=\"async\" width=\"1024\" height=\"576\" src=\"https:\/\/www.amuateoka.org\/rapa\/wp-content\/uploads\/2023\/12\/kau-1-1024x576.jpg\" alt=\"\" class=\"wp-image-300 size-full\" srcset=\"https:\/\/www.amuateoka.org\/rapa\/wp-content\/uploads\/2023\/12\/kau-1-1024x576.jpg 1024w, https:\/\/www.amuateoka.org\/rapa\/wp-content\/uploads\/2023\/12\/kau-1-300x169.jpg 300w, https:\/\/www.amuateoka.org\/rapa\/wp-content\/uploads\/2023\/12\/kau-1-768x432.jpg 768w, https:\/\/www.amuateoka.org\/rapa\/wp-content\/uploads\/2023\/12\/kau-1.jpg 1280w\" sizes=\"auto, (max-width: 1024px) 100vw, 1024px\" \/><\/figure><div class=\"wp-block-media-text__content\">\n<p class=\"has-ast-global-color-0-color has-text-color has-link-color has-medium-font-size wp-elements-504f2b1c48f7069b79cc4aec54cfcd7c\" style=\"margin-right:var(--wp--preset--spacing--20);margin-left:var(--wp--preset--spacing--20)\">\u00abHai ahi e tutu ena e te ta\u014bata \ua78ci Rapa Nui, ta\ua78ce n\u014d he tumu \ua78ce he m\u0101uku te me\ua78ce e \ua78cati ena, pe ira \ua78c\u0101 te kai e \ua78coka ena \ua78ce te mau tupuna o nei o Rapa Nui, e tako\ua78ca hai a\u014ba nei he tutu ahi e ata paka-paka \ua78ce e ata rake-rake ena te \ua78co\ua78cone.\u00bb<\/p>\n\n\n\n<p class=\"has-small-font-size\"><strong>AGENDA DE INVERSIONES PARA EL DESARROLLO SOSTENIBLE DE RAPA NUI, BID<\/strong><\/p>\n<\/div><\/div>\n<\/div><\/div>\n\n\n\n<div class=\"wp-block-uagb-container uagb-block-a59135ef alignfull uagb-is-root-container\">\n<div class=\"wp-block-uagb-image aligncenter uagb-block-id1atc8v wp-block-uagb-image--layout-default wp-block-uagb-image--effect-zoomin wp-block-uagb-image--align-center\"><figure class=\"wp-block-uagb-image__figure\"><img decoding=\"async\" srcset=\"https:\/\/www.amuateoka.org\/rapa\/wp-content\/uploads\/2023\/12\/d-ero.webp ,https:\/\/www.amuateoka.org\/rapa\/wp-content\/uploads\/2023\/12\/d-ero.webp 780w, https:\/\/www.amuateoka.org\/rapa\/wp-content\/uploads\/2023\/12\/d-ero.webp 360w\" sizes=\"auto, (max-width: 480px) 150px\" src=\"https:\/\/www.amuateoka.org\/rapa\/wp-content\/uploads\/2023\/12\/d-ero.webp\" alt=\"\" class=\"uag-image-303\" width=\"1280\" height=\"471\" title=\"\" loading=\"lazy\"\/><figcaption class=\"uagb-image-caption\"><em>Mo ta\ua78ce a\u014ba t\u0101tou e tahi me\ua78ce \ua78ci te hora nei, me\ua78ce rahi n\u014d te kona o te t\u0101tou motu nei, ka \ua78cati ena pe\u00a0 poike \ua78c\u0101, ra kona pa\u2019i ko paka-paka \ua78c\u0101, ko pakahia \ua78c\u0101 te \ua78co\ua78cone \u2018e ko riva mo \ua78coka e tahi me\ua78ce \ua78ci ru\u014ba.<\/em><\/figcaption><\/figure><\/div>\n<\/div>\n\n\n\n<div class=\"wp-block-uagb-container uagb-block-hplqqsbz alignfull uagb-is-root-container\"><div class=\"uagb-container-inner-blocks-wrap\">\n<div class=\"wp-block-uagb-container uagb-block-fi1ejhqp\">\n<div class=\"wp-block-uagb-container uagb-block-eaajimf3\">\n<div class=\"wp-block-uagb-info-box uagb-block-ei6nontu uagb-infobox__content-wrap  uagb-infobox-icon-above-title uagb-infobox-image-valign-top\"><div class=\"uagb-ifb-content\"><div class=\"uagb-ifb-title-wrap\"><h3 class=\"uagb-ifb-title\">He me\ua78ce e \ua78cata haka rake-rake ena i te \ua78co\ua78cone.<\/h3><\/div><\/div><\/div>\n<\/div>\n\n\n\n<div class=\"wp-block-uagb-container uagb-block-nr7gg1wx\">\n<div class=\"wp-block-uagb-info-box uagb-block-klxbkuyi uagb-infobox__content-wrap  uagb-infobox-icon-above-title uagb-infobox-image-valign-top\"><div class=\"uagb-ifb-content\"><div class=\"uagb-ifb-title-wrap\"><\/div><p class=\"uagb-ifb-desc\">I te kore o te mauku o te rava kai e te pua\ua78ca \ua78ce e te hoi, i te rava tutu te ta\u014bata i te ahi \ua78ce \u2018i te \ua78cati nei he cambio clim\u00e1tico, e rake-rake e oho ena te henua. te rahi o te ava o ru\u014ba i te k\u0101i\u014ba nei e ai ena i te ta\ua78ce puru i te pua\ua78ca e i te hoi \ua78ci te kona tano mo puru. pe ira \ua78c\u0101 te mahana e hoa rahi ena te \ua78cua, he marere\u00a0 \u2018e he haro he oho i te \ua78co\ua78cone riva-riva ki rote vaikava.<br>\u00a0<br><strong>He a\u014ba mo a\u014ba mo h\u0101\ua78c\u016b\ua78c\u016b mo haka rehe \ua78citi te rake-rake te oho o te \ua78co\ua78cone<br><\/strong>\u00a0<br>\ua78cI \ua78ca\u014bar\u012bn\u0101 \ua78c\u0101 ana ha\ua78camata ana a\u014ba i te me\ua78ce mo haka rehe te paka-paka te oho o te \ua78co\ua78cone. Te \ua78coka i te tumu i te \u014b\u0101 kona e \ua78cata rake-rake ena \ua78ce te a\u014bi-a\u014bi o ru\u014ba i te huru mo h\u0101pa\ua78co e mo ta\ua78ce haka pau taha\u014ba i te vai,\u00a0 he rave\ua78ca e tahi mo rava\ua78ca i te me\ua78ce nei. Te haka \ua78cite tako\ua78ca a roto i te h\u0101p\u012b ki te ta\u014bata o te kai\u014ba o ru\u014ba i nei me\ua78ce, he me\ua78ce nui-nui mau \ua78c\u0101 mo ma\ua78cu i te a\u014ba nei a mu\ua78ca.<\/p><\/div><\/div>\n<\/div>\n<\/div>\n<\/div><\/div>\n\n\n\n<div style=\"height:41px\" aria-hidden=\"true\" class=\"wp-block-spacer\"><\/div>\n\n\n\n<div class=\"wp-block-uagb-container uagb-block-81af3321 alignfull uagb-is-root-container\"><div class=\"uagb-container-inner-blocks-wrap\">\n<div class=\"wp-block-uagb-container uagb-block-b26331b1\">\n<div class=\"wp-block-uagb-info-box uagb-block-87fbb83a uagb-infobox__content-wrap  uagb-infobox-icon-above-title uagb-infobox-image-valign-top\"><div class=\"uagb-ifb-content\"><div class=\"uagb-ifb-title-wrap\"><h3 class=\"uagb-ifb-title\">He a\u014ba mo haka \ua78cite ki te ta\u014bata he ta\u014bata he aha te me\ua78ce mo a\u014ba i te \ua78cati nei<\/h3><\/div><p class=\"uagb-ifb-desc\">Te haka \ua78citi te oho i te rake-rake o te \ua78co\ua78cone he me\ua78ce nui-nui o te a\u014ba ta\ua78cato\ua78ca ka a\u014ba ena mo te \ua78cati nei he cambio clim\u00e1tico \ua78ci rapa nui. te rauhuru a\u014ba ka a\u014ba ena hai \u014b\u0101 me\ua78ce \u0101p\u012b e rara ena e te ta\u014bata, \ua78ce hai ta\u014bata o te k\u0101i\u014ba ha\u014ba mo h\u0101\ua78c\u016b\ua78c\u016b i te \ua78cati nei,\u00a0 ta\ua78ce n\u014d he h\u0101pa\ua78co i te t\u0101tou me\ua78ce o te natura \ua78ce te t\u0101tou tao\ua78ca tupuna te me\u2019e ka rava\ua78ca ena, he riva tako\u2019a mo haka hio-hio \ua78ci roto i te ta\u014bata te ha\u014ba mo haka \ua78cuhu i te \ua78cati ka topa ena\u00a0 hai \ua78cati nei he cambio clim\u00e1tico. Mo a\u014ba p\u0113 ira he h\u0101pa\ua78co i te t\u0101tou motu mai te \ua78cati nui-nui nei he cambio clim\u00e1tico.\u00a0<\/p><\/div><\/div>\n<\/div>\n\n\n\n<div class=\"wp-block-uagb-container uagb-block-02c5b425\">\n<div class=\"wp-block-uagb-image alignleft uagb-block-b42b0384 wp-block-uagb-image--layout-default wp-block-uagb-image--effect-zoomin wp-block-uagb-image--align-left\"><figure class=\"wp-block-uagb-image__figure\"><img decoding=\"async\" srcset=\"https:\/\/www.amuateoka.org\/rapa\/wp-content\/uploads\/2023\/12\/e-ero.webp ,https:\/\/www.amuateoka.org\/rapa\/wp-content\/uploads\/2023\/12\/e-ero.webp 780w, https:\/\/www.amuateoka.org\/rapa\/wp-content\/uploads\/2023\/12\/e-ero.webp 360w\" sizes=\"auto, (max-width: 480px) 150px\" src=\"https:\/\/www.amuateoka.org\/rapa\/wp-content\/uploads\/2023\/12\/e-ero.webp\" alt=\"\" class=\"uag-image-313\" width=\"600\" height=\"450\" title=\"\" loading=\"lazy\"\/><figcaption class=\"uagb-image-caption\"><em>I ai r\u014d te nu\ua78cu i a\u014ba r\u014d i te a\u014ba mo haka rehe \ua78citi te paka-paka te oho o te \ua78co\ua78cone hai a\u014ba i te ava mo haka rehe iti i te vai e hiho era e hoa era te \ua78cua, te me\u2019e n\u014d, e a\u014ba i te me\ua78ce ata nui-nui, pa he me\ua78ce e haka \ua78cite atu ena e te programa nei.<\/em><\/figcaption><\/figure><\/div>\n<\/div>\n<\/div><\/div>\n\n\n\n<div style=\"height:41px\" aria-hidden=\"true\" class=\"wp-block-spacer\"><\/div>\n\n\n\n<div class=\"wp-block-uagb-container uagb-block-bc2913bb alignfull uagb-is-root-container\"><div class=\"uagb-container-inner-blocks-wrap\">\n<div class=\"wp-block-uagb-inline-notice uagb-inline_notice__align-left uagb-block-da302e5a\"><button class=\"uagb-notice-close-button\" type=\"button\" aria-label=\"Close\"><\/button><h4 class=\"uagb-notice-title\">E AI R\u014c \ua78cANA E RUA RAVE\ua78cA\u00a0 MO HAKA TIKA I TE A\u014aA NEI HE HAKA REHE \ua78cITI TE PAKA-PAKA TE OHO O TE \ua78cO\ua78cONE O RAPA NUI<\/h4><div class=\"uagb-notice-text\">Rahi no te a\u014ba mo a\u014ba \ua78ci Poike \ua78ci te \u014b\u0101 kona e ai era te ava e ha\ua78caki ena te programa nei, \ua78co ira nu\ua78cu rahi te nu\ua78cu ka riva ena mo h\u0101\ua78c\u016b\ua78c\u016b i te a\u014ba nei. pe ira \u2018a ki te \u014b\u0101 nu\ua78cu\u00a0 ko a\u014ba ko oho mai \ua78c\u0101 ananake ko te INDAP, ko te PDTI \ua78ce ko te CONAF\u00a0 te nu\ua78cu ka h\u0101\ua78c\u016b\ua78c\u016b ena\u00a0 mo haka riva-riva i te \ua78co\ua78cone o te r\u0101ua henua o uta.<\/div><\/div>\n<\/div><\/div>\n","protected":false},"excerpt":{"rendered":"<p>\u00abO te rava tutu i te m\u0101uku \ua78ce \u00a0o te pua\ua78ca \ua78ce o te hoi e \ua78cai ena \ua78ci Rapa Nui, te haka rake-rake te oho i te \ua78co\ua78cone \ua78ce i te natura o te motu nei.\u00bb INFORME DE MISION ONF, LEFEUVRE J-C., TETUANUI W., BUTAUD J-F. \u00abHai ahi e tutu ena e te ta\u014bata [&hellip;]<\/p>\n","protected":false},"author":1,"featured_media":0,"parent":0,"menu_order":0,"comment_status":"closed","ping_status":"closed","template":"","meta":{"_uag_custom_page_level_css":"","site-sidebar-layout":"default","site-content-layout":"","ast-site-content-layout":"","site-content-style":"default","site-sidebar-style":"default","ast-global-header-display":"","ast-banner-title-visibility":"","ast-main-header-display":"","ast-hfb-above-header-display":"","ast-hfb-below-header-display":"","ast-hfb-mobile-header-display":"","site-post-title":"disabled","ast-breadcrumbs-content":"","ast-featured-img":"","footer-sml-layout":"","theme-transparent-header-meta":"","adv-header-id-meta":"","stick-header-meta":"","header-above-stick-meta":"","header-main-stick-meta":"","header-below-stick-meta":"","astra-migrate-meta-layouts":"default","ast-page-background-enabled":"default","ast-page-background-meta":{"desktop":{"background-color":"var(--ast-global-color-4)","background-image":"","background-repeat":"repeat","background-position":"center center","background-size":"auto","background-attachment":"scroll","background-type":"","background-media":"","overlay-type":"","overlay-color":"","overlay-gradient":""},"tablet":{"background-color":"","background-image":"","background-repeat":"repeat","background-position":"center center","background-size":"auto","background-attachment":"scroll","background-type":"","background-media":"","overlay-type":"","overlay-color":"","overlay-gradient":""},"mobile":{"background-color":"","background-image":"","background-repeat":"repeat","background-position":"center center","background-size":"auto","background-attachment":"scroll","background-type":"","background-media":"","overlay-type":"","overlay-color":"","overlay-gradient":""}},"ast-content-background-meta":{"desktop":{"background-color":"var(--ast-global-color-5)","background-image":"","background-repeat":"repeat","background-position":"center center","background-size":"auto","background-attachment":"scroll","background-type":"","background-media":"","overlay-type":"","overlay-color":"","overlay-gradient":""},"tablet":{"background-color":"var(--ast-global-color-5)","background-image":"","background-repeat":"repeat","background-position":"center center","background-size":"auto","background-attachment":"scroll","background-type":"","background-media":"","overlay-type":"","overlay-color":"","overlay-gradient":""},"mobile":{"background-color":"var(--ast-global-color-5)","background-image":"","background-repeat":"repeat","background-position":"center center","background-size":"auto","background-attachment":"scroll","background-type":"","background-media":"","overlay-type":"","overlay-color":"","overlay-gradient":""}},"footnotes":""},"class_list":["post-50","page","type-page","status-publish","hentry"],"uagb_featured_image_src":{"full":false,"thumbnail":false,"medium":false,"medium_large":false,"large":false,"1536x1536":false,"2048x2048":false},"uagb_author_info":{"display_name":"AmuaTeOka","author_link":"https:\/\/www.amuateoka.org\/rapa\/author\/admin_jt0omzfo\/"},"uagb_comment_info":0,"uagb_excerpt":"\u00abO te rava tutu i te m\u0101uku \ua78ce \u00a0o te pua\ua78ca \ua78ce o te hoi e \ua78cai ena \ua78ci Rapa Nui, te haka rake-rake te oho i te \ua78co\ua78cone \ua78ce i te natura o te motu nei.\u00bb INFORME DE MISION ONF, LEFEUVRE J-C., TETUANUI W., BUTAUD J-F. \u00abHai ahi e tutu ena e te ta\u014bata&hellip;","_links":{"self":[{"href":"https:\/\/www.amuateoka.org\/rapa\/wp-json\/wp\/v2\/pages\/50","targetHints":{"allow":["GET"]}}],"collection":[{"href":"https:\/\/www.amuateoka.org\/rapa\/wp-json\/wp\/v2\/pages"}],"about":[{"href":"https:\/\/www.amuateoka.org\/rapa\/wp-json\/wp\/v2\/types\/page"}],"author":[{"embeddable":true,"href":"https:\/\/www.amuateoka.org\/rapa\/wp-json\/wp\/v2\/users\/1"}],"replies":[{"embeddable":true,"href":"https:\/\/www.amuateoka.org\/rapa\/wp-json\/wp\/v2\/comments?post=50"}],"version-history":[{"count":17,"href":"https:\/\/www.amuateoka.org\/rapa\/wp-json\/wp\/v2\/pages\/50\/revisions"}],"predecessor-version":[{"id":694,"href":"https:\/\/www.amuateoka.org\/rapa\/wp-json\/wp\/v2\/pages\/50\/revisions\/694"}],"wp:attachment":[{"href":"https:\/\/www.amuateoka.org\/rapa\/wp-json\/wp\/v2\/media?parent=50"}],"curies":[{"name":"wp","href":"https:\/\/api.w.org\/{rel}","templated":true}]}}