{"id":46,"date":"2023-12-21T16:30:18","date_gmt":"2023-12-21T16:30:18","guid":{"rendered":"https:\/\/www.amuateoka.org\/rapa\/?page_id=46"},"modified":"2024-02-23T16:36:54","modified_gmt":"2024-02-23T16:36:54","slug":"reforestacion","status":"publish","type":"page","link":"https:\/\/www.amuateoka.org\/rapa\/reforestacion\/","title":{"rendered":"HE HAKA TAMA I TE TUMU"},"content":{"rendered":"\n<div class=\"wp-block-uagb-container uagb-block-ghkexdek alignfull uagb-is-root-container\"><div class=\"uagb-container-inner-blocks-wrap\">\n<div class=\"wp-block-uagb-container uagb-block-lxu0k9tn\">\n<div class=\"wp-block-uagb-info-box uagb-block-c0mdlamq uagb-infobox__content-wrap  uagb-infobox-icon-above-title uagb-infobox-image-valign-top\"><div class=\"uagb-ifb-content\"><div class=\"uagb-ifb-title-wrap\"><h1 class=\"uagb-ifb-title\">He \ua78coka he haka rahi i te tumu he rave\u2019a mo h\u0101\ua78c\u016b\ua78c\u016b i te \ua78cati nei he cambio clim\u00e1tico: he me\ua78ce nui-nui mo a\u014ba i Rapa Nui\u00a0<\/h1><\/div><\/div><\/div>\n<\/div>\n\n\n\n<div class=\"wp-block-uagb-container uagb-block-wjqscad2\">\n<div class=\"wp-block-uagb-info-box uagb-block-s5fof8eo uagb-infobox__content-wrap  uagb-infobox-icon-above-title uagb-infobox-image-valign-top\"><div class=\"uagb-ifb-content\"><div class=\"uagb-ifb-title-wrap\"><\/div><p class=\"uagb-ifb-desc\">Te me\u2019e i a\u014bi-a\u014bi i rara era i te \ua78cati nei e te nuna\ua78ca ta\u014bata o haho, e k\u012b r\u014d \ua78c\u0101 te me\ua78ce hope\ua78ca o te riva-riva mo a\u014ba mo haka \ua78citi te \ua78cati o te cambio clim\u00e1tico, he \ua78coka i te tumu. ata hau te riva-riva mo \ua78coka mo haka rahi i te tumu ki te t\u0113tahi atu me\ua78ce mo a\u014ba, \ua78cE ta\ua78ce n\u014d he haka rehe \ua78citi te \ua78cati o te cambio clim\u00e1tico, tako\ua78ca he h\u0101\ua78c\u016b\ua78c\u016b mai mo a\u014bi-a\u014bi he aha te me\u2019e mo a\u014ba i te \u014b\u0101 \ua78cati ta\ua78cato\ua78ca e topa ena o te \ua78cati nei he Cambio clim\u00e1tico.<\/p><\/div><\/div>\n\n\n\n<hr class=\"wp-block-separator has-alpha-channel-opacity\"\/>\n<\/div>\n<\/div><\/div>\n\n\n\n<div class=\"wp-block-uagb-container uagb-block-2d1d3b62 alignfull uagb-is-root-container\"><div class=\"uagb-container-inner-blocks-wrap\">\n<p class=\"has-text-align-center has-ast-global-color-0-color has-text-color has-link-color wp-elements-d0ea1c3e7752c0b93d66bc5c918bb1c9\" style=\"margin-top:0;margin-right:0;margin-bottom:0;margin-left:0;padding-top:0;padding-right:0;padding-bottom:0;padding-left:0;font-size:12px\">Comparte<\/p>\n\n\n\n<div class=\"wp-block-uagb-social-share uagb-social-share__outer-wrap uagb-social-share__layout-horizontal uagb-block-a35ef970\">\n<div class=\"wp-block-uagb-social-share-child uagb-ss-repeater uagb-ss__wrapper uagb-block-62086882\"><span class=\"uagb-ss__link\" data-href=\"https:\/\/api.whatsapp.com\/send?text=\" tabindex=\"0\" role=\"button\" aria-label=\"whatsapp\"><span class=\"uagb-ss__source-wrap\"><span class=\"uagb-ss__source-icon\"><svg xmlns=\"https:\/\/www.w3.org\/2000\/svg\" viewBox=\"0 0 448 512\"><path d=\"M380.9 97.1C339 55.1 283.2 32 223.9 32c-122.4 0-222 99.6-222 222 0 39.1 10.2 77.3 29.6 111L0 480l117.7-30.9c32.4 17.7 68.9 27 106.1 27h.1c122.3 0 224.1-99.6 224.1-222 0-59.3-25.2-115-67.1-157zm-157 341.6c-33.2 0-65.7-8.9-94-25.7l-6.7-4-69.8 18.3L72 359.2l-4.4-7c-18.5-29.4-28.2-63.3-28.2-98.2 0-101.7 82.8-184.5 184.6-184.5 49.3 0 95.6 19.2 130.4 54.1 34.8 34.9 56.2 81.2 56.1 130.5 0 101.8-84.9 184.6-186.6 184.6zm101.2-138.2c-5.5-2.8-32.8-16.2-37.9-18-5.1-1.9-8.8-2.8-12.5 2.8-3.7 5.6-14.3 18-17.6 21.8-3.2 3.7-6.5 4.2-12 1.4-32.6-16.3-54-29.1-75.5-66-5.7-9.8 5.7-9.1 16.3-30.3 1.8-3.7 .9-6.9-.5-9.7-1.4-2.8-12.5-30.1-17.1-41.2-4.5-10.8-9.1-9.3-12.5-9.5-3.2-.2-6.9-.2-10.6-.2-3.7 0-9.7 1.4-14.8 6.9-5.1 5.6-19.4 19-19.4 46.3 0 27.3 19.9 53.7 22.6 57.4 2.8 3.7 39.1 59.7 94.8 83.8 35.2 15.2 49 16.5 66.6 13.9 10.7-1.6 32.8-13.4 37.4-26.4 4.6-13 4.6-24.1 3.2-26.4-1.3-2.5-5-3.9-10.5-6.6z\"><\/path><\/svg><\/span><\/span><\/span><\/div>\n\n\n\n<div class=\"wp-block-uagb-social-share-child uagb-ss-repeater uagb-ss__wrapper uagb-block-8de99042\"><span class=\"uagb-ss__link\" data-href=\"https:\/\/www.facebook.com\/sharer.php?u=\" tabindex=\"0\" role=\"button\" aria-label=\"facebook\"><span class=\"uagb-ss__source-wrap\"><span class=\"uagb-ss__source-icon\"><svg xmlns=\"https:\/\/www.w3.org\/2000\/svg\" viewBox=\"0 0 512 512\"><path d=\"M504 256C504 119 393 8 256 8S8 119 8 256c0 123.8 90.69 226.4 209.3 245V327.7h-63V256h63v-54.64c0-62.15 37-96.48 93.67-96.48 27.14 0 55.52 4.84 55.52 4.84v61h-31.28c-30.8 0-40.41 19.12-40.41 38.73V256h68.78l-11 71.69h-57.78V501C413.3 482.4 504 379.8 504 256z\"><\/path><\/svg><\/span><\/span><\/span><\/div>\n\n\n\n<div class=\"wp-block-uagb-social-share-child uagb-ss-repeater uagb-ss__wrapper uagb-block-289edd8c\"><span class=\"uagb-ss__link\" data-href=\"https:\/\/twitter.com\/share?url=\" tabindex=\"0\" role=\"button\" aria-label=\"twitter\"><span class=\"uagb-ss__source-wrap\"><span class=\"uagb-ss__source-icon\"><svg xmlns=\"https:\/\/www.w3.org\/2000\/svg\" viewBox=\"0 0 448 512\"><path d=\"M400 32H48C21.5 32 0 53.5 0 80v352c0 26.5 21.5 48 48 48h352c26.5 0 48-21.5 48-48V80c0-26.5-21.5-48-48-48zm-48.9 158.8c.2 2.8 .2 5.7 .2 8.5 0 86.7-66 186.6-186.6 186.6-37.2 0-71.7-10.8-100.7-29.4 5.3 .6 10.4 .8 15.8 .8 30.7 0 58.9-10.4 81.4-28-28.8-.6-53-19.5-61.3-45.5 10.1 1.5 19.2 1.5 29.6-1.2-30-6.1-52.5-32.5-52.5-64.4v-.8c8.7 4.9 18.9 7.9 29.6 8.3a65.45 65.45 0 0 1 -29.2-54.6c0-12.2 3.2-23.4 8.9-33.1 32.3 39.8 80.8 65.8 135.2 68.6-9.3-44.5 24-80.6 64-80.6 18.9 0 35.9 7.9 47.9 20.7 14.8-2.8 29-8.3 41.6-15.8-4.9 15.2-15.2 28-28.8 36.1 13.2-1.4 26-5.1 37.8-10.2-8.9 13.1-20.1 24.7-32.9 34z\"><\/path><\/svg><\/span><\/span><\/span><\/div>\n\n\n\n<div class=\"wp-block-uagb-social-share-child uagb-ss-repeater uagb-ss__wrapper uagb-block-67e130fa\"><span class=\"uagb-ss__link\" data-href=\"mailto:?body=\" tabindex=\"0\" role=\"button\" aria-label=\"email\"><span class=\"uagb-ss__source-wrap\"><span class=\"uagb-ss__source-icon\"><svg xmlns=\"https:\/\/www.w3.org\/2000\/svg\" viewBox=\"0 0 512 512\"><path d=\"M464 64C490.5 64 512 85.49 512 112C512 127.1 504.9 141.3 492.8 150.4L275.2 313.6C263.8 322.1 248.2 322.1 236.8 313.6L19.2 150.4C7.113 141.3 0 127.1 0 112C0 85.49 21.49 64 48 64H464zM217.6 339.2C240.4 356.3 271.6 356.3 294.4 339.2L512 176V384C512 419.3 483.3 448 448 448H64C28.65 448 0 419.3 0 384V176L217.6 339.2z\"><\/path><\/svg><\/span><\/span><\/span><\/div>\n<\/div>\n\n\n\n<div style=\"height:20px\" aria-hidden=\"true\" class=\"wp-block-spacer\"><\/div>\n<\/div><\/div>\n\n\n\n<div class=\"wp-block-uagb-container uagb-block-49ef47f9 alignfull uagb-is-root-container\"><div class=\"uagb-container-inner-blocks-wrap\">\n<div class=\"wp-block-uagb-container uagb-block-23e93b8c\">\n<div class=\"wp-block-uagb-info-box uagb-block-9e6a3e02 uagb-infobox__content-wrap  uagb-infobox-icon-above-title uagb-infobox-image-valign-top\"><div class=\"uagb-ifb-content\"><div class=\"uagb-ifb-title-wrap\"><\/div><p class=\"uagb-ifb-desc\">Mo u\ua78ci o t\u0101tou a ru\u014ba i te a\u014ba e a\u014ba ena e t\u0113tahi henua nui-nui mo haka noho i te ati nei he cambio climatico, a Rapa nui pe t\u0113tahi atu motu \ua78citi-\ua78citi, he me \u014bo\ua78ci-\u014bo\ua78ci no te me\u2019e e riva ena mo a\u014ba. <br>\ua78cE a Rapa Nui, no atu he motu \ua78citi-\ua78citi e haka \ua78co\ua78cone r\u014d \ua78c\u0101 i te ao\u00a0 hai me\ua78ce era he di\u00f3xido de carbono. <br>\u2018E te a\u014ba nei he \ua78coka he haka rahi i te tumu, he me\ua78ce hauha\ua78ca mo te \u014ba motu \ua78citi-\ua78citi era pe Rapa nui \ua78c\u0101, he me\ua78ce riva-riva mo te \u014b\u0101 kona era nu\ua78cu ta\ua78ce rahi te nu\ua78cu\u00a0 noho.<\/p><\/div><\/div>\n<\/div>\n\n\n\n<div class=\"wp-block-uagb-container uagb-block-aebf72b1\">\n<div class=\"wp-block-uagb-image aligncenter uagb-block-1f841f4e wp-block-uagb-image--layout-default wp-block-uagb-image--effect-zoomin wp-block-uagb-image--align-center\"><figure class=\"wp-block-uagb-image__figure\"><img decoding=\"async\" srcset=\"https:\/\/www.amuateoka.org\/rapa\/wp-content\/uploads\/2023\/12\/B-REF.jpg ,https:\/\/www.amuateoka.org\/rapa\/wp-content\/uploads\/2023\/12\/B-REF.jpg 780w, https:\/\/www.amuateoka.org\/rapa\/wp-content\/uploads\/2023\/12\/B-REF.jpg 360w\" sizes=\"auto, (max-width: 480px) 150px\" src=\"https:\/\/www.amuateoka.org\/rapa\/wp-content\/uploads\/2023\/12\/B-REF.jpg\" alt=\"\" class=\"uag-image-258\" width=\"600\" height=\"800\" title=\"\" loading=\"lazy\"\/><figcaption class=\"uagb-image-caption\"><em>Te \u014b\u0101 kona era \ua78cina he tumu, te kona e ata vera ena i te ahi tutu e ai ena \ua78ci Rapa Nui.<\/em><\/figcaption><\/figure><\/div>\n<\/div>\n<\/div><\/div>\n\n\n\n<div class=\"wp-block-uagb-container uagb-block-hplqqsbz alignfull uagb-is-root-container\"><div class=\"uagb-container-inner-blocks-wrap\">\n<div class=\"wp-block-uagb-image aligncenter uagb-block-id1atc8v wp-block-uagb-image--layout-default wp-block-uagb-image--effect-zoomin wp-block-uagb-image--align-center\"><figure class=\"wp-block-uagb-image__figure\"><img decoding=\"async\" srcset=\"https:\/\/www.amuateoka.org\/rapa\/wp-content\/uploads\/2023\/12\/A-REF-1024x474.jpg ,https:\/\/www.amuateoka.org\/rapa\/wp-content\/uploads\/2023\/12\/A-REF.jpg 780w, https:\/\/www.amuateoka.org\/rapa\/wp-content\/uploads\/2023\/12\/A-REF.jpg 360w\" sizes=\"auto, (max-width: 480px) 150px\" src=\"https:\/\/www.amuateoka.org\/rapa\/wp-content\/uploads\/2023\/12\/A-REF-1024x474.jpg\" alt=\"\" class=\"uag-image-259\" width=\"1024\" height=\"683\" title=\"\" loading=\"lazy\"\/><figcaption class=\"uagb-image-caption\">Te &#8216;ati nei o te &#8216;o&#8217;one paka &#8211; paka ko haka kore ko oho &#8216;\u0101 i te mauku o Rapa Nui, &#8216;o ira te a\u014ba nei he &#8216;oka i te tumu he me\ua78ce hope\ua78ca o te\u00a0nui\u00a0nui\u00a0mo\u00a0a\u014ba.<\/figcaption><\/figure><\/div>\n\n\n\n<div class=\"wp-block-uagb-container uagb-block-fi1ejhqp\">\n<div class=\"wp-block-uagb-container uagb-block-eaajimf3\">\n<div class=\"wp-block-uagb-info-box uagb-block-ei6nontu uagb-infobox__content-wrap  uagb-infobox-icon-above-title uagb-infobox-image-valign-top\"><div class=\"uagb-ifb-content\"><div class=\"uagb-ifb-title-wrap\"><h3 class=\"uagb-ifb-title\">E h\u0101\ua78c\u016b\ua78c\u016b i te a\u014ba mo riva-riva o Rapa Nui pe mu\ua78ca ka oho ena.<\/h3><\/div><\/div><\/div>\n<\/div>\n\n\n\n<div class=\"wp-block-uagb-container uagb-block-nr7gg1wx\">\n<div class=\"wp-block-uagb-info-box uagb-block-klxbkuyi uagb-infobox__content-wrap  uagb-infobox-icon-above-title uagb-infobox-image-valign-top\"><div class=\"uagb-ifb-content\"><div class=\"uagb-ifb-title-wrap\"><\/div><p class=\"uagb-ifb-desc\">Te a\u014ba nei he me\ua78ce hope\ua78ca o te nui-nui mo h\u0101\ua78c\u016b\ua78c\u016b i a Rapa Nui, \ua78co te \ua78cai \u00a0i te me\ua78ce era he motu \ua78citi-\ua78citi \ua78ce i vae\u014ba o te moana e noho nei, te nu\ua78cu rara i te \ua78cati nei ko k\u012b \ua78c\u0101 \ua78c\u012b a Rapa Nui e \ua78cati atu ena i te \ua78cati he cambio clim\u00e1tico. <br>O te a\u014ba ta\ua78cato\ua78ca i a\u014ba \ua78ci mu\ua78ca \ua78c\u0101, e u\ua78ci ena e t\u0101tou i te \u014b\u0101 matahiti hope\ua78ca nei, te a\u014ba riva-riva \u00a0mo nei ko te a\u014ba era he \ua78coka i te tumu \ua78ce he h\u0101p\u012b ki te ta\u014bata o te kai\u014ba o ru\u014ba i te \ua78cati nei.<br><br>A Rapa Nui me\ua78ce rahi n\u014d te \ua78cati i topa, ko kore ko oho \ua78c\u0101 te rauhuru manu, o ru\u014ba i te ra\u014bi, o ru\u014ba i te henua, o roto i te \u00a0vaikava, pe ira \ua78c\u0101 \u00a0ko rake-rake \ua78c\u0101 te \ua78co\ua78cone, \ua78ce o te \ua78cai ko o\ua78co mai \ua78c\u0101 te m\u0101uku ta\ua78ce au e ata haka rake-rake ena i te \ua78co\ua78cone. <br>A ru\u014ba ki te 60% o Rapa Nui, ko paka-paka \ua78c\u0101 te \ua78co\ua78cone. \ua78co ira te me\ua78ce e tute ena hai \ua78coka i te tumu he h\u0101pa\ua78co i te \ua78co\ua78cone, te tumu pa\ua78ci e haka noho r\u014d \ua78c\u0101 i te p\u016bai o te tokerau, e haka noho r\u014d \ua78c\u0101 i te ahi ana tutu haka \ua78cou, \ua78ce pahe aua, e riva r\u014d \ua78c\u0101 mo vahi o te henua. Pe ira ana te tumu e h\u0101\ua78c\u016b\ua78c\u016b r\u014d \ua78c\u0101 mo riva-riva mo oho te \ua78co\ua78cone \ua78ce mo h\u0101pa\ua78co i te natura.<\/p><\/div><\/div>\n<\/div>\n<\/div>\n<\/div><\/div>\n\n\n\n<div class=\"wp-block-uagb-container uagb-block-44bab672 alignfull uagb-is-root-container\"><div class=\"uagb-container-inner-blocks-wrap\">\t\t<div class='wp-block-icb-image-compare  alignwide' id='icbImageCompare-00c5d2d9-e' data-attributes='{&quot;align&quot;:&quot;wide&quot;,&quot;cId&quot;:&quot;00c5d2d9-e&quot;,&quot;beforeImg&quot;:{&quot;id&quot;:264,&quot;url&quot;:&quot;https:\\\/\\\/www.amuateoka.org\\\/rapa\\\/wp-content\\\/uploads\\\/2023\\\/12\\\/comparison-1a.jpg&quot;,&quot;alt&quot;:&quot;&quot;,&quot;title&quot;:&quot;comparison-1a&quot;},&quot;afterImg&quot;:{&quot;id&quot;:265,&quot;url&quot;:&quot;https:\\\/\\\/www.amuateoka.org\\\/rapa\\\/wp-content\\\/uploads\\\/2023\\\/12\\\/comparison-1b.jpg&quot;,&quot;alt&quot;:&quot;&quot;,&quot;title&quot;:&quot;comparison-1b&quot;},&quot;beforeLabel&quot;:&quot;&lt;em&gt;A Poike hora era kai \\ua78coka \\ua78c\\u0101 e tahi tumu.&lt;\\\/em&gt;&quot;,&quot;afterLabel&quot;:&quot;&lt;em&gt;A Poike i te hora nei ko \\ua78coka \\ua78c\\u0101 te tumu.&lt;\\\/em&gt;&quot;,&quot;cap&quot;:&quot;&lt;em&gt;Te \\ua78coka te haka rahi i te tumu he rave&#039;a e tahi mo hapa\\ua78co i te natura, mo haka riva-riva haka \\ua78cou pa he kona era ko Poike.&lt;\\\/em&gt;&quot;,&quot;capTypo&quot;:{&quot;fontSize&quot;:{&quot;desktop&quot;:12,&quot;tablet&quot;:14,&quot;mobile&quot;:14}},&quot;capColors&quot;:{&quot;color&quot;:&quot;#333&quot;,&quot;bg&quot;:&quot;var(--ast-global-color-5)&quot;},&quot;alignment&quot;:&quot;center&quot;,&quot;width&quot;:&quot;80%&quot;,&quot;border&quot;:[],&quot;isSwap&quot;:false,&quot;isLabel&quot;:true,&quot;labelTypo&quot;:{&quot;fontSize&quot;:{&quot;desktop&quot;:15,&quot;tablet&quot;:15,&quot;mobile&quot;:15}},&quot;labelColors&quot;:{&quot;color&quot;:&quot;#fff&quot;,&quot;bg&quot;:&quot;#00000080&quot;},&quot;labelPadding&quot;:{&quot;vertical&quot;:&quot;10px&quot;,&quot;horizontal&quot;:&quot;15px&quot;},&quot;isCap&quot;:true,&quot;capAlign&quot;:&quot;center&quot;,&quot;capPadding&quot;:{&quot;vertical&quot;:&quot;10px&quot;,&quot;horizontal&quot;:&quot;15px&quot;}}'><\/div>\n\n\t\t<\/div><\/div>\n\n\n\n<div style=\"height:41px\" aria-hidden=\"true\" class=\"wp-block-spacer\"><\/div>\n\n\n\n<div class=\"wp-block-uagb-container uagb-block-81af3321 alignfull uagb-is-root-container\"><div class=\"uagb-container-inner-blocks-wrap\">\n<div class=\"wp-block-uagb-container uagb-block-b26331b1\">\n<div class=\"wp-block-uagb-info-box uagb-block-87fbb83a uagb-infobox__content-wrap  uagb-infobox-icon-above-title uagb-infobox-image-valign-top\"><div class=\"uagb-ifb-content\"><div class=\"uagb-ifb-title-wrap\"><h3 class=\"uagb-ifb-title\">Me\ua78ce rahi n\u014d te hauha\ua78ca mo rava\ua78ca hai \ua78coka i te tumu.<\/h3><\/div><p class=\"uagb-ifb-desc\">\ua78cI te kona era e hetu rahi ena te tokerau, he paka-paka he oho te \ua78co\ua78cone, he pakahia i te humedad kore. te \ua78coka i te tumu he me\ua78ce riva-riva mau \ua78c\u0101, mo te \ua78co\ua78cone mo riva pa\u2019i mo \ua78coka i te kai mo te henua.\u00a0 Pe ira \ua78cana mo \ua78coka i te tumu he riva mo haka kore i te ha\u014ba ena he tutu i te ahi i ra \u014b\u0101 kona e te nu\ua78cu tutu a\u014ba i r\u0101 me\ua78ce he riva a r\u0101ua mo noho mo manau he me\ua78ce rake-rake mau \ua78c\u0101 te me\ua78ce e a\u014ba era e r\u0101ua e pe hiva ana, ana\u00a0 ta\ua78ce a\u014ba haka \ua78cou pe ira.<br><br>Hai rave\ua78ca nei he \ua78coka i te tumu he haka rahi, ka ha\ua78camata ena ka haka mahani ena i a Rapa Nui ki te cambio clim\u00e1tico. \ua78cE tako\ua78ca \ua78ci te \u014b\u0101 matahiti ena 2023-2024, he haka \ua78cite ki te ta\ua78cato\ua78ca o ru\u014ba i te hauha\ua78ca nui-nui nei, he pu\ua78ca mai o te rima mo h\u0101\ua78c\u016b\ua78c\u016b mai e te ta\u014bata o te k\u0101i\u014ba.<br><br><strong>He aha te me\ua78ce mo a\u014ba: He tumu mo te riva-riva o Rapa Nui pe mu\ua78ca ka oho ena.<br><\/strong><br>Te \ua78coka i te tumu ta\ua78ce n\u014d he h\u0101\ua78c\u016b\ua78c\u016b mo haka rehe i te \ua78cati o te cambio clim\u00e1tico, pe ira tako\ua78ca \ua78c\u0101 mo haka t\u012b-tika te \ua78cati ta\ua78cato\ua78ca e hetu mai ena \ua78ci Rapa Nui. Te a\u014ba nei ka h\u0101\ua78c\u016b\ua78c\u016b ena mo haka nehe-nehe te t\u0101tou motu, he h\u0101\ua78c\u016b\ua78c\u016b tako\ua78ca mo va\ua78cai i te a\u014ba mo te ta\u014bata \ua78ce mo haka mahani mo oho tako\ua78ca o r\u0101ua mo haka \ua78cuhu i r\u0101 \ua78cati, he resiliencia e k\u012b ena hai re\ua78co hiva. Hai \u014b\u0101 a\u014ba nei he \ua78coka tumu \ua78ce he h\u0101p\u012b a Rapa Nui ka riva ena mo haka mahani \ua78ce mo haka \ua78cuhu i te \ua78cati nei he cambio clim\u00e1tico.<\/p><\/div><\/div>\n<\/div>\n\n\n\n<div class=\"wp-block-uagb-container uagb-block-02c5b425\">\n<div class=\"wp-block-uagb-image alignleft uagb-block-b42b0384 wp-block-uagb-image--layout-default wp-block-uagb-image--effect-zoomin wp-block-uagb-image--align-left\"><figure class=\"wp-block-uagb-image__figure\"><img decoding=\"async\" srcset=\"https:\/\/www.amuateoka.org\/rapa\/wp-content\/uploads\/2023\/12\/C-REF.jpg ,https:\/\/www.amuateoka.org\/rapa\/wp-content\/uploads\/2023\/12\/C-REF.jpg 780w, https:\/\/www.amuateoka.org\/rapa\/wp-content\/uploads\/2023\/12\/C-REF.jpg 360w\" sizes=\"auto, (max-width: 480px) 150px\" src=\"https:\/\/www.amuateoka.org\/rapa\/wp-content\/uploads\/2023\/12\/C-REF.jpg\" alt=\"\" class=\"uag-image-260\" width=\"600\" height=\"450\" title=\"\" loading=\"lazy\"\/><figcaption class=\"uagb-image-caption\"><em>Te tumu he me\ua78ce hope\ua78ca o te riva-riva mo te motu nei, hai tumu e \ua78coka ena he h\u0101pa\ua78co i te \ua78co\ua78cone o hetu rahi e te tokerau.<\/em><\/figcaption><\/figure><\/div>\n<\/div>\n<\/div><\/div>\n\n\n\n<div style=\"height:41px\" aria-hidden=\"true\" class=\"wp-block-spacer\"><\/div>\n","protected":false},"excerpt":{"rendered":"","protected":false},"author":1,"featured_media":0,"parent":0,"menu_order":0,"comment_status":"closed","ping_status":"closed","template":"","meta":{"_uag_custom_page_level_css":"","site-sidebar-layout":"default","site-content-layout":"","ast-site-content-layout":"","site-content-style":"default","site-sidebar-style":"default","ast-global-header-display":"","ast-banner-title-visibility":"","ast-main-header-display":"","ast-hfb-above-header-display":"","ast-hfb-below-header-display":"","ast-hfb-mobile-header-display":"","site-post-title":"disabled","ast-breadcrumbs-content":"","ast-featured-img":"","footer-sml-layout":"","theme-transparent-header-meta":"","adv-header-id-meta":"","stick-header-meta":"","header-above-stick-meta":"","header-main-stick-meta":"","header-below-stick-meta":"","astra-migrate-meta-layouts":"default","ast-page-background-enabled":"default","ast-page-background-meta":{"desktop":{"background-color":"var(--ast-global-color-4)","background-image":"","background-repeat":"repeat","background-position":"center center","background-size":"auto","background-attachment":"scroll","background-type":"","background-media":"","overlay-type":"","overlay-color":"","overlay-gradient":""},"tablet":{"background-color":"","background-image":"","background-repeat":"repeat","background-position":"center center","background-size":"auto","background-attachment":"scroll","background-type":"","background-media":"","overlay-type":"","overlay-color":"","overlay-gradient":""},"mobile":{"background-color":"","background-image":"","background-repeat":"repeat","background-position":"center center","background-size":"auto","background-attachment":"scroll","background-type":"","background-media":"","overlay-type":"","overlay-color":"","overlay-gradient":""}},"ast-content-background-meta":{"desktop":{"background-color":"var(--ast-global-color-5)","background-image":"","background-repeat":"repeat","background-position":"center center","background-size":"auto","background-attachment":"scroll","background-type":"","background-media":"","overlay-type":"","overlay-color":"","overlay-gradient":""},"tablet":{"background-color":"var(--ast-global-color-5)","background-image":"","background-repeat":"repeat","background-position":"center center","background-size":"auto","background-attachment":"scroll","background-type":"","background-media":"","overlay-type":"","overlay-color":"","overlay-gradient":""},"mobile":{"background-color":"var(--ast-global-color-5)","background-image":"","background-repeat":"repeat","background-position":"center center","background-size":"auto","background-attachment":"scroll","background-type":"","background-media":"","overlay-type":"","overlay-color":"","overlay-gradient":""}},"footnotes":""},"class_list":["post-46","page","type-page","status-publish","hentry"],"uagb_featured_image_src":{"full":false,"thumbnail":false,"medium":false,"medium_large":false,"large":false,"1536x1536":false,"2048x2048":false},"uagb_author_info":{"display_name":"AmuaTeOka","author_link":"https:\/\/www.amuateoka.org\/rapa\/author\/admin_jt0omzfo\/"},"uagb_comment_info":0,"uagb_excerpt":null,"_links":{"self":[{"href":"https:\/\/www.amuateoka.org\/rapa\/wp-json\/wp\/v2\/pages\/46","targetHints":{"allow":["GET"]}}],"collection":[{"href":"https:\/\/www.amuateoka.org\/rapa\/wp-json\/wp\/v2\/pages"}],"about":[{"href":"https:\/\/www.amuateoka.org\/rapa\/wp-json\/wp\/v2\/types\/page"}],"author":[{"embeddable":true,"href":"https:\/\/www.amuateoka.org\/rapa\/wp-json\/wp\/v2\/users\/1"}],"replies":[{"embeddable":true,"href":"https:\/\/www.amuateoka.org\/rapa\/wp-json\/wp\/v2\/comments?post=46"}],"version-history":[{"count":17,"href":"https:\/\/www.amuateoka.org\/rapa\/wp-json\/wp\/v2\/pages\/46\/revisions"}],"predecessor-version":[{"id":704,"href":"https:\/\/www.amuateoka.org\/rapa\/wp-json\/wp\/v2\/pages\/46\/revisions\/704"}],"wp:attachment":[{"href":"https:\/\/www.amuateoka.org\/rapa\/wp-json\/wp\/v2\/media?parent=46"}],"curies":[{"name":"wp","href":"https:\/\/api.w.org\/{rel}","templated":true}]}}