{"id":27,"date":"2023-12-21T03:34:44","date_gmt":"2023-12-21T03:34:44","guid":{"rendered":"https:\/\/www.amuateoka.org\/rapa\/?page_id=27"},"modified":"2024-02-22T00:41:51","modified_gmt":"2024-02-22T00:41:51","slug":"el-programa","status":"publish","type":"page","link":"https:\/\/www.amuateoka.org\/rapa\/el-programa\/","title":{"rendered":"HE ME\ua78cE MO A\u014aA"},"content":{"rendered":"\n<div class=\"wp-block-uagb-container uagb-block-ghkexdek alignfull uagb-is-root-container\"><div class=\"uagb-container-inner-blocks-wrap\">\n<div class=\"wp-block-uagb-container uagb-block-lxu0k9tn\">\n<div class=\"wp-block-uagb-info-box uagb-block-c0mdlamq uagb-infobox__content-wrap  uagb-infobox-icon-above-title uagb-infobox-image-valign-top\"><div class=\"uagb-ifb-content\"><div class=\"uagb-ifb-title-wrap\"><h1 class=\"uagb-ifb-title\">He a\u014ba \u0101p\u012b mo a\u014bi-a\u014bi riva-riva HE TE ME\ua78cE MO A\u014aA i te \ua78cati nei he Cambio Clim\u00e1tico \ua78ci Rapa Nui<\/h1><\/div><\/div><\/div>\n<\/div>\n\n\n\n<div class=\"wp-block-uagb-container uagb-block-wjqscad2\">\n<div class=\"wp-block-uagb-info-box uagb-block-s5fof8eo uagb-infobox__content-wrap  uagb-infobox-icon-above-title uagb-infobox-image-valign-top\"><div class=\"uagb-ifb-content\"><div class=\"uagb-ifb-title-wrap\"><\/div><p class=\"uagb-ifb-desc\">Te cambio clim\u00e1tico he \ua78cati nui-nui \u00a0i topa ai i ru\u014ba i te ao ta\ua78cato\ua78ca, e te kona e ata hau ena t\u014d\ua78cona p\u016bai, he motu ta\ua78cato\ua78ca \ua78ce ko te motu nei ko Rapa Nui, te motu e ata \ua78cati nei, i te me\ua78ce era hoko tahi n\u014d a ia i vae\u014ba tini o te moana.<\/p><\/div><\/div>\n\n\n\n<hr class=\"wp-block-separator has-alpha-channel-opacity\"\/>\n<\/div>\n<\/div><\/div>\n\n\n\n<div class=\"wp-block-uagb-container uagb-block-2d1d3b62 alignfull uagb-is-root-container\"><div class=\"uagb-container-inner-blocks-wrap\">\n<p class=\"has-text-align-center has-ast-global-color-0-color has-text-color has-link-color wp-elements-d0ea1c3e7752c0b93d66bc5c918bb1c9\" style=\"margin-top:0;margin-right:0;margin-bottom:0;margin-left:0;padding-top:0;padding-right:0;padding-bottom:0;padding-left:0;font-size:12px\">Comparte<\/p>\n\n\n\n<div class=\"wp-block-uagb-social-share uagb-social-share__outer-wrap uagb-social-share__layout-horizontal uagb-block-a35ef970\">\n<div class=\"wp-block-uagb-social-share-child uagb-ss-repeater uagb-ss__wrapper uagb-block-62086882\"><span class=\"uagb-ss__link\" data-href=\"https:\/\/api.whatsapp.com\/send?text=\" tabindex=\"0\" role=\"button\" aria-label=\"whatsapp\"><span class=\"uagb-ss__source-wrap\"><span class=\"uagb-ss__source-icon\"><svg xmlns=\"https:\/\/www.w3.org\/2000\/svg\" viewBox=\"0 0 448 512\"><path d=\"M380.9 97.1C339 55.1 283.2 32 223.9 32c-122.4 0-222 99.6-222 222 0 39.1 10.2 77.3 29.6 111L0 480l117.7-30.9c32.4 17.7 68.9 27 106.1 27h.1c122.3 0 224.1-99.6 224.1-222 0-59.3-25.2-115-67.1-157zm-157 341.6c-33.2 0-65.7-8.9-94-25.7l-6.7-4-69.8 18.3L72 359.2l-4.4-7c-18.5-29.4-28.2-63.3-28.2-98.2 0-101.7 82.8-184.5 184.6-184.5 49.3 0 95.6 19.2 130.4 54.1 34.8 34.9 56.2 81.2 56.1 130.5 0 101.8-84.9 184.6-186.6 184.6zm101.2-138.2c-5.5-2.8-32.8-16.2-37.9-18-5.1-1.9-8.8-2.8-12.5 2.8-3.7 5.6-14.3 18-17.6 21.8-3.2 3.7-6.5 4.2-12 1.4-32.6-16.3-54-29.1-75.5-66-5.7-9.8 5.7-9.1 16.3-30.3 1.8-3.7 .9-6.9-.5-9.7-1.4-2.8-12.5-30.1-17.1-41.2-4.5-10.8-9.1-9.3-12.5-9.5-3.2-.2-6.9-.2-10.6-.2-3.7 0-9.7 1.4-14.8 6.9-5.1 5.6-19.4 19-19.4 46.3 0 27.3 19.9 53.7 22.6 57.4 2.8 3.7 39.1 59.7 94.8 83.8 35.2 15.2 49 16.5 66.6 13.9 10.7-1.6 32.8-13.4 37.4-26.4 4.6-13 4.6-24.1 3.2-26.4-1.3-2.5-5-3.9-10.5-6.6z\"><\/path><\/svg><\/span><\/span><\/span><\/div>\n\n\n\n<div class=\"wp-block-uagb-social-share-child uagb-ss-repeater uagb-ss__wrapper uagb-block-8de99042\"><span class=\"uagb-ss__link\" data-href=\"https:\/\/www.facebook.com\/sharer.php?u=\" tabindex=\"0\" role=\"button\" aria-label=\"facebook\"><span class=\"uagb-ss__source-wrap\"><span class=\"uagb-ss__source-icon\"><svg xmlns=\"https:\/\/www.w3.org\/2000\/svg\" viewBox=\"0 0 512 512\"><path d=\"M504 256C504 119 393 8 256 8S8 119 8 256c0 123.8 90.69 226.4 209.3 245V327.7h-63V256h63v-54.64c0-62.15 37-96.48 93.67-96.48 27.14 0 55.52 4.84 55.52 4.84v61h-31.28c-30.8 0-40.41 19.12-40.41 38.73V256h68.78l-11 71.69h-57.78V501C413.3 482.4 504 379.8 504 256z\"><\/path><\/svg><\/span><\/span><\/span><\/div>\n\n\n\n<div class=\"wp-block-uagb-social-share-child uagb-ss-repeater uagb-ss__wrapper uagb-block-289edd8c\"><span class=\"uagb-ss__link\" data-href=\"https:\/\/twitter.com\/share?url=\" tabindex=\"0\" role=\"button\" aria-label=\"twitter\"><span class=\"uagb-ss__source-wrap\"><span class=\"uagb-ss__source-icon\"><svg xmlns=\"https:\/\/www.w3.org\/2000\/svg\" viewBox=\"0 0 448 512\"><path d=\"M400 32H48C21.5 32 0 53.5 0 80v352c0 26.5 21.5 48 48 48h352c26.5 0 48-21.5 48-48V80c0-26.5-21.5-48-48-48zm-48.9 158.8c.2 2.8 .2 5.7 .2 8.5 0 86.7-66 186.6-186.6 186.6-37.2 0-71.7-10.8-100.7-29.4 5.3 .6 10.4 .8 15.8 .8 30.7 0 58.9-10.4 81.4-28-28.8-.6-53-19.5-61.3-45.5 10.1 1.5 19.2 1.5 29.6-1.2-30-6.1-52.5-32.5-52.5-64.4v-.8c8.7 4.9 18.9 7.9 29.6 8.3a65.45 65.45 0 0 1 -29.2-54.6c0-12.2 3.2-23.4 8.9-33.1 32.3 39.8 80.8 65.8 135.2 68.6-9.3-44.5 24-80.6 64-80.6 18.9 0 35.9 7.9 47.9 20.7 14.8-2.8 29-8.3 41.6-15.8-4.9 15.2-15.2 28-28.8 36.1 13.2-1.4 26-5.1 37.8-10.2-8.9 13.1-20.1 24.7-32.9 34z\"><\/path><\/svg><\/span><\/span><\/span><\/div>\n\n\n\n<div class=\"wp-block-uagb-social-share-child uagb-ss-repeater uagb-ss__wrapper uagb-block-67e130fa\"><span class=\"uagb-ss__link\" data-href=\"mailto:?body=\" tabindex=\"0\" role=\"button\" aria-label=\"email\"><span class=\"uagb-ss__source-wrap\"><span class=\"uagb-ss__source-icon\"><svg xmlns=\"https:\/\/www.w3.org\/2000\/svg\" viewBox=\"0 0 512 512\"><path d=\"M464 64C490.5 64 512 85.49 512 112C512 127.1 504.9 141.3 492.8 150.4L275.2 313.6C263.8 322.1 248.2 322.1 236.8 313.6L19.2 150.4C7.113 141.3 0 127.1 0 112C0 85.49 21.49 64 48 64H464zM217.6 339.2C240.4 356.3 271.6 356.3 294.4 339.2L512 176V384C512 419.3 483.3 448 448 448H64C28.65 448 0 419.3 0 384V176L217.6 339.2z\"><\/path><\/svg><\/span><\/span><\/span><\/div>\n<\/div>\n\n\n\n<div style=\"height:20px\" aria-hidden=\"true\" class=\"wp-block-spacer\"><\/div>\n<\/div><\/div>\n\n\n\n<div class=\"wp-block-uagb-container uagb-block-49ef47f9 alignfull uagb-is-root-container\"><div class=\"uagb-container-inner-blocks-wrap\">\n<div class=\"wp-block-uagb-container uagb-block-23e93b8c\">\n<div class=\"wp-block-uagb-info-box uagb-block-9e6a3e02 uagb-infobox__content-wrap  uagb-infobox-icon-above-title uagb-infobox-image-valign-top\"><div class=\"uagb-ifb-content\"><div class=\"uagb-ifb-title-wrap\"><h3 class=\"uagb-ifb-title\">He me\ua78ce tano mo a\u014ba<\/h3><\/div><p class=\"uagb-ifb-desc\">He me\ua78ce hope\ua78ca o te \u00a0nui-nui he \ua78cite he aha te me\ua78ce mo a\u014ba, mo riva mo haka rehe \ua78citi i te \ua78cati nei \ua78ci ru\u014ba i te t\u0101tou motu nei. \ua78cI roto i te me\ua78ce mo a\u014ba ko te me\ua78ce era he haka rehe, he haka kore i te \u014b\u0101 me\ua78ce ta\ua78cato\ua78ca e \ua78cata haka rake-rake ena i te henua, p\u0113 ira \ua78c\u0101, e haka tu\ua78cu i te kona riva-riva mo h\u0101\ua78c\u016b\ua78c\u016b i te a\u014ba nei, \ua78ce he h\u0101pa\ua78co i te natura. <br>E te me\ua78ce ata nui-nui mo a\u014ba he h\u0101p\u012b ki te ta\u014bata o te k\u0101i\u014ba o ru\u014ba i nei \ua78cati mo \ua78cite he aha te me\ua78ce mo a\u014ba mo topa o te ati, he resiliencia, e k\u012b ena hai re\ua78co hiva.<br><br><strong>He \ua78coka he haka rahi i te tumu \ua78ce he h\u0101p\u012b ki te ta\u014bata<br><\/strong><br>Te tumu o te a\u014ba nei he \u201cTransferencia Educaci\u00f3n y Reforestaci\u00f3n para el Cambio Clim\u00e1tico en Rapa Nui\u201d i to\ua78co ai mai te me\ua78ce ko a\u014ba ra\ua78ce era \ua78c\u0101 i t\u0113tahi kona, hai \ua78coka rahi no atu tumu \ua78ci te \u014b\u0101 kona era ko rake-rake \ua78c\u0101 i te cambio clim\u00e1tico. E tako\ua78ca e h\u0101p\u012b e haka a\u014bi-a\u014bi ki te ta\u014bata o te k\u0101i\u014ba he aha te me\ua78ce mo a\u014ba mo haka rehe \ua78citi i te ati nei e pe ira \ua78c\u0101 o ru\u014ba i te t\u0113tahi atu me\ua78ce mo a\u014ba.<br><\/p><\/div><\/div>\n<\/div>\n\n\n\n<div class=\"wp-block-uagb-container uagb-block-aebf72b1\">\n<div class=\"wp-block-uagb-image aligncenter uagb-block-1f841f4e wp-block-uagb-image--layout-default wp-block-uagb-image--effect-zoomin wp-block-uagb-image--align-center\"><figure class=\"wp-block-uagb-image__figure\"><img decoding=\"async\" srcset=\"https:\/\/www.amuateoka.org\/rapa\/wp-content\/uploads\/2023\/12\/a-pro.webp ,https:\/\/www.amuateoka.org\/rapa\/wp-content\/uploads\/2023\/12\/a-pro.webp 780w, https:\/\/www.amuateoka.org\/rapa\/wp-content\/uploads\/2023\/12\/a-pro.webp 360w\" sizes=\"auto, (max-width: 480px) 150px\" src=\"https:\/\/www.amuateoka.org\/rapa\/wp-content\/uploads\/2023\/12\/a-pro.webp\" alt=\"\" class=\"uag-image-293\" width=\"600\" height=\"453\" title=\"\" loading=\"lazy\"\/><figcaption class=\"uagb-image-caption\"><em>He haka a\u014bi-a\u014bi i te a\u014ba ka a\u014ba era ki te ta\u014bata h\u0101pa\ua78co pua\ua78ca e noho ena \ua78ci uta \ua78ce ki te ta\u014bata keu-keu henua<\/em><\/figcaption><\/figure><\/div>\n<\/div>\n<\/div><\/div>\n\n\n\n<div class=\"wp-block-uagb-container uagb-block-bfcca4a0 alignfull uagb-is-root-container\"><div class=\"uagb-container-inner-blocks-wrap\">\n<div class=\"wp-block-uagb-container uagb-block-130ae207 alignfull uagb-is-root-container\"><div class=\"uagb-container__shape uagb-container__shape-top\"><svg xmlns=\"https:\/\/www.w3.org\/2000\/svg\" viewBox=\"0 0 2600 131.1\" preserveAspectRatio=\"none\"><path class=\"uagb-container__shape-fill\" d=\"M0 0L2600 0 2600 69.1 0 0z\"><\/path><path class=\"uagb-container__shape-fill\" opacity=\"0.5\" d=\"M0 0L2600 0 2600 69.1 0 69.1z\"><\/path><path class=\"uagb-container__shape-fill\" opacity=\"0.25\" d=\"M2600 0L0 0 0 130.1 2600 69.1z\"><\/path><\/svg><\/div><div class=\"uagb-container__shape uagb-container__shape-bottom uagb-container__invert\" data-negative=\"false\"><svg xmlns=\"https:\/\/www.w3.org\/2000\/svg\" viewBox=\"0 0 2600 131.1\" preserveAspectRatio=\"none\"><path class=\"uagb-container__shape-fill\" d=\"M0 0L2600 0 2600 69.1 0 0z\"><\/path><path class=\"uagb-container__shape-fill\" opacity=\"0.5\" d=\"M0 0L2600 0 2600 69.1 0 69.1z\"><\/path><path class=\"uagb-container__shape-fill\" opacity=\"0.25\" d=\"M2600 0L0 0 0 130.1 2600 69.1z\"><\/path><\/svg><\/div>\n<div class=\"wp-block-uagb-container uagb-block-1889e110 alignfull uagb-is-root-container\"><div class=\"uagb-container-inner-blocks-wrap\">\n<div class=\"wp-block-uagb-info-box uagb-block-1126c454 uagb-infobox__content-wrap  uagb-infobox-icon-above-title uagb-infobox-image-valign-top\"><div class=\"uagb-ifb-content\"><div class=\"uagb-ifb-image-content\"><img decoding=\"async\" src=\"https:\/\/www.amuateoka.org\/rapa\/wp-content\/uploads\/2023\/12\/gore-3-150x150.webp\" alt=\"\" width=\"150\" height=\"150\" loading=\"lazy\"\/><\/div><div class=\"uagb-ifb-title-wrap\"><span class=\"uagb-ifb-title-prefix\"><strong>\u201c<\/strong>Ko ha\ua78ca\ua78cau era \ua78c\u0101 <s>a<\/s>m\u0101tou te p\u016b\ua78coko haka tere o Valpara\u00edso,\u00a0 mo h\u0101\ua78c\u016b\ua78c\u016b i te a\u014ba nei <strong>(<\/strong>hai tara e hai tetahi atu me\ua78ce) mo ma\ua78cu \ua78ca mu\ua78ca. \u2018E \u00a0i t\u0101tou ko u\ua78ci \ua78c\u0101 p\u0113 h\u0113 te ta\u014bata o te motu nei ko Rapa Nui, ananake ko te ta\u014bata o te k\u0101i\u014ba o Tire i piri ai pahe n\u016bna\ua78ca n\u014d e tahi mo a\u014ba mo haka rehe te \ua78cati nei he cambio clim\u00e1tico, hai haka rehe \ua78citi te rake-rake te oho o te \ua78co\ua78cone, hai h\u0101pa\ua78co i te natura o te k\u0101i\u014ba \ua78ce pe ira \ua78c\u0101 hai h\u0101pa\ua78co i te ta\u014bata o te t\u0101touhenua.\u201d<\/span><\/div><p class=\"uagb-ifb-desc\">R. Mundaca, he suerekao o Valpara\u00edso<\/p><\/div><\/div>\n<\/div><\/div>\n<\/div>\n<\/div><\/div>\n\n\n\n<div class=\"wp-block-uagb-container uagb-block-81af3321 alignfull uagb-is-root-container\">\n<div class=\"wp-block-uagb-container uagb-block-b26331b1\">\n<div class=\"wp-block-uagb-info-box uagb-block-87fbb83a uagb-infobox__content-wrap  uagb-infobox-icon-above-title uagb-infobox-image-valign-top\"><div class=\"uagb-ifb-content\"><div class=\"uagb-ifb-title-wrap\"><h3 class=\"uagb-ifb-title\">He \ua78cati e ai ena \ua78ci Rapa Nui n\u014d<\/h3><\/div><p class=\"uagb-ifb-desc\">I te me\ua78ce era \ua78ci vae\u014ba tini o te moana a Rapa Nui e noho neim \ua78ce \ua78cina e tahi henua hahine ki a ia, \u00a0me\ua78ce rahi n\u014d te \ua78cati\u00a0 e topa ena \ua78ci ru\u014ba, pa he \ua78cati era he rake-rake he oho te ecosistema, he ta\ua78ce \ua78cite \ua78ce he ta\ua78ce a\u014ba riva-riva i te a\u014ba ena he ha\ua78caputu i te \ua78co\ua78cone, \ua78ce p\u0113 ira \ua78c\u0101 he ta\ua78ce h\u0101pa\ua78co riva-riva i te \u014b\u0101 kona e ai ena i te vai mo unu. Te \u014b\u0101 \ua78cati ta\ua78cato\ua78ca nei \u00a0ko \ua78cata hau, ko \ua78cata \u00a0nui-nui ko oho \ua78c\u0101 i te cambio clim\u00e1tico, i te rahi o te ta\u014bata e noho atu ena, \ua78ce i te ta\ua78ce \ua78cite mo u\ua78ci e hia turita ana ha\ua78cati\ua78ca mo tu\ua78cu mai ki Rapa Nui.<br><strong><br>Te ati nei he vai kore<br><\/strong><br>I te \ua78cua e hoa ena i te matahiti e riva ena mo k\u012b ko ava\ua78ce h\u0113 te ava\ua78ce paka-paka \ua78ce ko ava\ua78ce h\u0113 te ava\ua78ce\u00a0 e \ua78cua rahi ena. \ua78ce no atu te ta\ua78ce hoa rahi o te \ua78cua,\u00a0 ko te haka pau oho i\u014ba \ua78c\u0101 te vai, \ua78cina he noho, e a ru\u014ba ki te 10 matahiti o te ta\ua78ce hoa rahi o te \ua78cua \ua78co ira he me\ua78ce haka ku\ua78ci-ku\ua78ci mau \ua78c\u0101 te me\ua78ce nei\u00a0 \u2018i te me\ua78ce era kai \ua78cite t\u0101tou ana ai e rava\ua78ca vai r\u014d a Rapa Nui pe mu\ua78ca ka oho ena \ua78ce ana ai e riva r\u014d mo unu e te ta\u014bata.<\/p><\/div><\/div>\n<\/div>\n\n\n\n<div class=\"wp-block-uagb-container uagb-block-02c5b425\">\n<div class=\"wp-block-uagb-image aligncenter uagb-block-b42b0384 wp-block-uagb-image--layout-default wp-block-uagb-image--effect-zoomin wp-block-uagb-image--align-center\"><figure class=\"wp-block-uagb-image__figure\"><img decoding=\"async\" srcset=\"https:\/\/www.amuateoka.org\/rapa\/wp-content\/uploads\/2023\/12\/c-pro2.webp ,https:\/\/www.amuateoka.org\/rapa\/wp-content\/uploads\/2023\/12\/c-pro2.webp 780w, https:\/\/www.amuateoka.org\/rapa\/wp-content\/uploads\/2023\/12\/c-pro2.webp 360w\" sizes=\"auto, (max-width: 480px) 150px\" src=\"https:\/\/www.amuateoka.org\/rapa\/wp-content\/uploads\/2023\/12\/c-pro2.webp\" alt=\"\" class=\"uag-image-296\" width=\"600\" height=\"453\" title=\"\" loading=\"lazy\"\/><figcaption class=\"uagb-image-caption\"><em>TE CONAF \u2018e te Dpto<\/em><strong><em>. <\/em><\/strong><em>o te Medio Ambiente o te I. Municipalidad ko piri \u2018\u0101 ararua mo a\u014ba i te a\u014ba nei.<\/em><\/figcaption><\/figure><\/div>\n<\/div>\n<\/div>\n\n\n\n<div class=\"wp-block-uagb-container uagb-block-8ddcbb17 alignfull uagb-is-root-container\"><div class=\"uagb-container-inner-blocks-wrap\">\n<div class=\"wp-block-uagb-container uagb-block-09fa6290\">\n<div class=\"wp-block-uagb-info-box uagb-block-adbcf5b1 uagb-infobox__content-wrap  uagb-infobox-icon-above-title uagb-infobox-image-valign-top\"><div class=\"uagb-ifb-content\"><div class=\"uagb-ifb-title-wrap\"><h3 class=\"uagb-ifb-title\">Te a\u014ba nei mo ora o te ta\ua78cato\ua78ca<\/h3><\/div><p class=\"uagb-ifb-desc\">\ua78cI te \u014b\u0101 matahiti hope\ua78ca nei, ko haka tu\ua78cu rahi \ua78c\u0101 te hare i Rapa Nui, p\u0113 ira \ua78c\u0101 ko hore \ua78c\u0101 te rauhuru tumu mo \ua78coka o te ha\ua78capu, \ua78co ira te \ua78co\ua78cone i rake-rake i oho ai. Te a\u014ba mo a\u014ba mo haka noho i r\u0101 me\ua78ce he vae i te tumu ri-riva e tano mo \ua78coka mo riva-riva haka \u2018ou te \u2018o\ua78cone \u2018e mo ta\ua78ce rake-rake haka\ua78cou \u2018e mo h\u0101pa\ua78co i te kona era o raro o te henua e ha\ua78caputu ena i te\u00a0 vai ma\u014baro mo unu.<br><br><strong>He me\ua78ce mo a\u014ba \ua78ci \ua78ca\u014bar\u012bn\u0101<br><\/strong><br>A Rapa Nui, he henua \ua78citi-\ua78citi, \ua78co ira mo hetu te tokerau p\u016bai,\u00a0 \ua78co mo eke e te tai\u0113, o\u00a0 mo makenu-kenu te henua, he me\ua78ce rake-rake n\u014d te me\ua78ce ka topa era. a rapa nui e \u2018ati tako\ua78ca ro \u2018ana i te me\ua78ce era, ko rahi \u2018a te ta\u014bata e noho atu ena \ua78ci ru\u014ba. he \u2018ati nui-nui te me\ua78ce nei \u2018i te me\ua78ce era e pue no mo haka rake-rake i\u00a0 te hauha\ua78ca o te\u00a0 henua nei , i te hauha\ua78ca tupuna, i te noho ha\u00f1a o te ta\u00f1ata \u2018e\u00a0 e pue no mo mate o te ta\u014bata.<br>o irai te hora mo u\ua78ci\u00a0 i te rave\ua78ca mo ha\ua78cu\ua78cu i te \u2018ati nei \u2018e hai a\u00f1a nei he \u201cprograma \u2018api \u201c he rave\ua78ca riva-riva e tahi mo a\u00f1a i te me\ua78ce nei.<\/p><\/div><\/div>\n<\/div>\n\n\n\n<div class=\"wp-block-uagb-container uagb-block-a6efea70\">\n<div class=\"wp-block-uagb-image aligncenter uagb-block-a44ec844 wp-block-uagb-image--layout-default wp-block-uagb-image--effect-zoomin wp-block-uagb-image--align-center\"><figure class=\"wp-block-uagb-image__figure\"><img decoding=\"async\" srcset=\"https:\/\/www.amuateoka.org\/rapa\/wp-content\/uploads\/2023\/12\/b-pro.webp ,https:\/\/www.amuateoka.org\/rapa\/wp-content\/uploads\/2023\/12\/b-pro.webp 780w, https:\/\/www.amuateoka.org\/rapa\/wp-content\/uploads\/2023\/12\/b-pro.webp 360w\" sizes=\"auto, (max-width: 480px) 150px\" src=\"https:\/\/www.amuateoka.org\/rapa\/wp-content\/uploads\/2023\/12\/b-pro.webp\" alt=\"\" class=\"uag-image-294\" width=\"600\" height=\"453\" title=\"\" loading=\"lazy\"\/><figcaption class=\"uagb-image-caption\"><em>Mo riva-riva te a\u014ba nei e tuhi, e tapa\ua78co te \u014b\u0101 kona era ko ata rake-rake \ua78c\u0101 te \ua78co\ua78cone \u2018e p\u0113 ira \ua78c\u0101 i te \u014b\u0101 kona \ua78copata era mo \ua78coka i te tumu \ua78cI r\u0101 \u014b\u0101 kona.<\/em><\/figcaption><\/figure><\/div>\n<\/div>\n<\/div><\/div>\n\n\n\n<div class=\"wp-block-uagb-container uagb-block-b023fa25 alignfull uagb-is-root-container\"><div class=\"uagb-container-inner-blocks-wrap\">\n<div class=\"wp-block-uagb-inline-notice uagb-inline_notice__align-left uagb-block-1b3a8ae1\"><button class=\"uagb-notice-close-button\" type=\"button\" aria-label=\"Close\"><\/button><h4 class=\"uagb-notice-title\">He uma\u014ba he haka tika i te a\u014ba<\/h4><div class=\"uagb-notice-text\">Ananake ko te ta\u014bata o te k\u0101i\u014ba e t\u0113tati atu nu\ua78cu\u00a0 a m\u0101tou e a\u014ba nei mo haka rehe \ua78citi i te \ua78cati nei he cambio clim\u00e1tico \ua78ci Rapa Nui. \ua78ce ha roto i te vaha era\u00a0 he \ua78coka i te\u00a0 tumu, he h\u0101pa\ua78co i te \ua78co\ua78cone o \ua78cata rake-rake r\u014d, hai\u00a0 haka \ua78cite ki te ta\ua78cato\ua78ca \ua78ce hai h\u0101p\u012b tako\ua78ca o ru\u014ba e h\u0101\ua78c\u016b\ua78c\u016b ena i te \ua78cati nei. he a\u014ba nui-nui te a\u014ba e a\u014ba atu ena mo h\u0101pa\ua78co i te t\u0101tou kona noho \ua78ce mo ai o te rave\ua78ca riva pe mu\ua78ca ka oho ena.<\/div><\/div>\n<\/div><\/div>\n","protected":false},"excerpt":{"rendered":"","protected":false},"author":1,"featured_media":0,"parent":0,"menu_order":0,"comment_status":"closed","ping_status":"closed","template":"","meta":{"_uag_custom_page_level_css":"","site-sidebar-layout":"default","site-content-layout":"","ast-site-content-layout":"default","site-content-style":"default","site-sidebar-style":"default","ast-global-header-display":"","ast-banner-title-visibility":"","ast-main-header-display":"","ast-hfb-above-header-display":"","ast-hfb-below-header-display":"","ast-hfb-mobile-header-display":"","site-post-title":"disabled","ast-breadcrumbs-content":"","ast-featured-img":"","footer-sml-layout":"","theme-transparent-header-meta":"","adv-header-id-meta":"","stick-header-meta":"","header-above-stick-meta":"","header-main-stick-meta":"","header-below-stick-meta":"","astra-migrate-meta-layouts":"default","ast-page-background-enabled":"default","ast-page-background-meta":{"desktop":{"background-color":"var(--ast-global-color-4)","background-image":"","background-repeat":"repeat","background-position":"center center","background-size":"auto","background-attachment":"scroll","background-type":"","background-media":"","overlay-type":"","overlay-color":"","overlay-gradient":""},"tablet":{"background-color":"","background-image":"","background-repeat":"repeat","background-position":"center center","background-size":"auto","background-attachment":"scroll","background-type":"","background-media":"","overlay-type":"","overlay-color":"","overlay-gradient":""},"mobile":{"background-color":"","background-image":"","background-repeat":"repeat","background-position":"center center","background-size":"auto","background-attachment":"scroll","background-type":"","background-media":"","overlay-type":"","overlay-color":"","overlay-gradient":""}},"ast-content-background-meta":{"desktop":{"background-color":"var(--ast-global-color-5)","background-image":"","background-repeat":"repeat","background-position":"center center","background-size":"auto","background-attachment":"scroll","background-type":"","background-media":"","overlay-type":"","overlay-color":"","overlay-gradient":""},"tablet":{"background-color":"var(--ast-global-color-5)","background-image":"","background-repeat":"repeat","background-position":"center center","background-size":"auto","background-attachment":"scroll","background-type":"","background-media":"","overlay-type":"","overlay-color":"","overlay-gradient":""},"mobile":{"background-color":"var(--ast-global-color-5)","background-image":"","background-repeat":"repeat","background-position":"center center","background-size":"auto","background-attachment":"scroll","background-type":"","background-media":"","overlay-type":"","overlay-color":"","overlay-gradient":""}},"footnotes":""},"class_list":["post-27","page","type-page","status-publish","hentry"],"uagb_featured_image_src":{"full":false,"thumbnail":false,"medium":false,"medium_large":false,"large":false,"1536x1536":false,"2048x2048":false},"uagb_author_info":{"display_name":"AmuaTeOka","author_link":"https:\/\/www.amuateoka.org\/rapa\/author\/admin_jt0omzfo\/"},"uagb_comment_info":0,"uagb_excerpt":null,"_links":{"self":[{"href":"https:\/\/www.amuateoka.org\/rapa\/wp-json\/wp\/v2\/pages\/27","targetHints":{"allow":["GET"]}}],"collection":[{"href":"https:\/\/www.amuateoka.org\/rapa\/wp-json\/wp\/v2\/pages"}],"about":[{"href":"https:\/\/www.amuateoka.org\/rapa\/wp-json\/wp\/v2\/types\/page"}],"author":[{"embeddable":true,"href":"https:\/\/www.amuateoka.org\/rapa\/wp-json\/wp\/v2\/users\/1"}],"replies":[{"embeddable":true,"href":"https:\/\/www.amuateoka.org\/rapa\/wp-json\/wp\/v2\/comments?post=27"}],"version-history":[{"count":29,"href":"https:\/\/www.amuateoka.org\/rapa\/wp-json\/wp\/v2\/pages\/27\/revisions"}],"predecessor-version":[{"id":670,"href":"https:\/\/www.amuateoka.org\/rapa\/wp-json\/wp\/v2\/pages\/27\/revisions\/670"}],"wp:attachment":[{"href":"https:\/\/www.amuateoka.org\/rapa\/wp-json\/wp\/v2\/media?parent=27"}],"curies":[{"name":"wp","href":"https:\/\/api.w.org\/{rel}","templated":true}]}}